 -q*l. Let u(j) = -6*j - 1. Let h(t) = -25*t - 5. Let v(s) = -2*h(s) + 9*u(s). What is v(l)?
-7
Let i(b) = 8*b**3 - 2*b - 1. Let w(j) = -j - 6. Let l be w(-5). Let r = l - -1. Suppose -4*c - v - 7 = r, -3*c - c + 4*v = -8. Determine i(c).
-7
Suppose 0 = -4*a + 10*a - 48. Let s(p) = 23*p - p**2 - 7 - 11*p - a*p. Determine s(5).
-12
Let v(j) be the second derivative of -j**3/2 + 5*j**2/2 - 4*j + 20. Give v(9).
-22
Let t be (3/2)/(-3)*2. Let k(n) = -12*n - 5. Let c(f) = -35*f - 17. Let y(x) = -2*c(x) + 7*k(x). Calculate y(t).
13
Let i(x) = -3*x**2 - 6*x + 4. Suppose 0 = -23*k + 22*k + 4, -2*o - 4*k = -6. Give i(o).
-41
Let b(s) = -12*s**3 + 1. Suppose 3*m + 41 = 4*p, -2*p + 4*m - 76 = -6*p. Suppose g - y + 3 = 0, -2*g - 2*g = -5*y + p. Give b(g).
13
Let o(t) = -5*t + 5. Let a(z) = -5*z + 4. Let n(w) = -5*a(w) + 4*o(w). Let g = -208 - -207. Give n(g).
-5
Let c(y) = -1 + y + 6*y**2 + y**2 + 2. Suppose -5*p + 1 - 2 = 4*g, -4 = -4*g. Determine c(p).
7
Let d(s) = -4*s - 4 + 2 - s**2 + s - 1. Suppose 0 = -2*f - 0*f - 4. Let q = -1 + f. What is d(q)?
-3
Let j(m) be the second derivative of -m - 1/3*m**3 + 0 - m**2. What is j(2)?
-6
Let d be (7/14)/((-2)/(-8)). Let m(k) = -2*k**3 - 5*k + 0*k**2 + 0*k**d + 4*k. Let j = -11 + 12. Calculate m(j).
-3
Let o(a) = a**2 - 2*a - 3. Suppose -3*i + 6 + 3 = 0. Let j be o(i). Let y(f) = j - f**3 - f + 0*f + 2 + 4*f**2. What is y(4)?
-2
Suppose -2*m - 3*m - f + 7 = 0, -3 = 3*m + 3*f. Suppose 5*c = -3*r - 8, -r + 3*c - 5*c - m = 0. Let k(w) = w**2 + 7*w - 2. Determine k(r).
-8
Let j(a) be the first derivative of -a**4/4 + a**3/3 + 3*a**2 - 6*a - 95. What is j(3)?
-6
Let p = 18 - 14. Let v be (3*4/p)/1. Let t(m) = 2*m**3 - 5*m**2 + 2*m. What is t(v)?
15
Suppose 0*c + 3*c + 21 = 0. Let l(t) be the first derivative of t**3/3 + 4*t**2 + t + 718. Determine l(c).
-6
Let x(u) = 3*u - 26. Let z(r) = r + 1. Let a(h) = -7*h + 7. Let v(q) = a(q) + 6*z(q). Suppose -3*d = 1 + 5. Let g(c) = d*x(c) - 5*v(c). Give g(-8).
-5
Let x(n) = -2*n - 6. Let d(s) = 8*s + 23. Let h(v) = 2*d(v) + 9*x(v). Let f = -20 - -16. Let g be -4 + 2/(f/6). Calculate h(g).
6
Let a(w) = w**3 + w**2 + 11*w + 1. Let z = 51 - 45. Let g(k) = k**2 + k. Let y(r) = z*g(r) - a(r). Give y(5).
-26
Let q be (14/(-10))/(3/(-15)). Let w be 0 + q + (-4)/2. Let o(n) = n**3 - 5*n**2 - n + 3. Calculate o(w).
-2
Let m(n) = -n**2 + 3*n + 3. Let r(l) = l + 11. Let y = -10 + 4. Let z be r(y). Calculate m(z).
-7
Let y be 3 - (-3 - (-7 - -5)). Let i(a) = -8 + y - 4*a**2 + 3*a**2 - 4*a - 1. Give i(-4).
-5
Let c(v) = -v**3 + v**2 - 24. Suppose 0 = 12*j + 4*j. Calculate c(j).
-24
Let r(o) = -195*o + 581*o - 1 - 194*o - 2 - 193*o. Let g(p) = p**2 - 4*p - 5. Let i be g(6). Give r(i).
-10
Suppose -8 = -4*f + 5*x - 3, -3*f = -5*x - 5. Let j = 5 + f. Let d(y) = 4*y**2 + j*y - 4 - 8*y**2 + 3*y**2. Determine d(6).
-10
Let v(g) = g**3 + 11*g**2 + 2*g + 13. Suppose 37*s - 32*s - 155 = 0. Let y = s - 42. Give v(y).
-9
Suppose 2*s + 2*s = -4. Let o(j) = -2*j**2 + 3*j**3 + j + 14*j**3 + 1 + 4*j**2 - j**2. Calculate o(s).
-16
Let s(a) be the second derivative of 1/3*a**3 + 17*a + 0 - 1/2*a**2 + 7/12*a**4. Let g = -3 - -4. Calculate s(g).
8
Let z(v) = v**3 + 11*v**2 + 8*v - 27. Suppose -4*y + 30 = -7*y - 4*d, 4*y = 3*d - 40. Give z(y).
-7
Suppose -2*c - 10*c = 12. Let s(a) = -2*a**2 - 4*a - 1. Let j(m) = -m. Let l(u) = c*s(u) + 6*j(u). Give l(-2).
13
Let r(i) = i**2 - 13*i + 19. Let u be r(11). Suppose -h - h = 0. Let g(q) = 0 + h + 1 + 4*q. Determine g(u).
-11
Let l(k) be the third derivative of 0 + 1/120*k**6 + 0*k + 7/6*k**3 + 5/24*k**4 - 2/15*k**5 - 7*k**2. Determine l(7).
-7
Let a = -1149 + 1153. Let d(w) = 1 + 4*w**2 - 3*w**3 + 6*w**3 + 0*w**2 - 4*w - 4*w**3. Give d(a).
-15
Suppose 2*b + 3*b = -5*m + 60, b - 6 = 5*m. Let n be ((-11)/(-2))/((-3)/6). Let s = n + b. Let l(v) = v**3 - v**2 - v + 1. Give l(s).
1
Let x(t) = -8*t - 4*t**3 - 3*t**3 + 6*t**3 - 10 - 8*t**2. Let m be x(-7). Let s(k) = 45*k - k**2 - 29*k - 20*k - 2. Calculate s(m).
1
Suppose 118*s - 120*s + 4 = 0. Let a(y) = -3*y + 2 + s*y + 1 + 0. What is a(3)?
0
Suppose 0 = -b - 5*y - 15, -4*b + 5*y + 1 = -14. Suppose 5*o + 10 = 0, 2*o = -4*i - b*o + 4. Let c(u) = -u**2 + u - 1. Calculate c(i).
-3
Let g(z) = 13*z - 10*z - 5*z - 12*z - z. Determine g(-4).
60
Let m(p) = 22*p + 18*p**2 - 6 - 11*p - 17*p**2 - 7*p. What is m(-5)?
-1
Let a(r) = 17*r + 47. Let s be a(-3). Let l(b) = b**3 + 4*b**2 - 3*b - 1. Give l(s).
11
Let w(s) be the third derivative of s**8/6720 - s**7/504 - 7*s**6/720 + s**4 + 19*s**2. Let o(p) be the second derivative of w(p). What is o(6)?
-6
Let p(w) = w**2 - 14*w - 10. Let t be p(15). Let m(a) = -a**3 + 5*a**2 - 2*a + 5. What is m(t)?
-5
Let x(i) = i. Let w(a) = 2*a + 1. Let z be w(-2). Let n be 8/(1 + z) - -2. What is x(n)?
-2
Let y be (-4)/10 + (-168)/(-20). Let z(o) = -o**2 - 10*o - 2. Let g(h) = h**2 + h - 1. Let l(n) = 2*g(n) + z(n). Calculate l(y).
-4
Let r(d) = -d**3 + 30*d**2 + d - 38. Let c be ((133/(-21))/(-19))/((-2)/(-180)). Give r(c).
-8
Let v(g) be the first derivative of -2*g**3/3 + g**2/2 + 11. What is v(3)?
-15
Suppose -5*n - 85 - 35 = 0. Let i be n/(-10) - (-2)/(-5). Let r(l) = l**i - 5*l - 2 + 3*l**2 - 5*l**2 - 2. Give r(-3).
2
Let a be 8 + -8 - 0/1. Let t(b) = 0*b + 4*b + 0*b - 4 + b**2 + a*b. Determine t(-4).
-4
Suppose -3*x = -48 + 45. Let h be 2*x/(-2)*1. Let q(a) be the second derivative of 7*a**4/6 - a**3/3 - a**2/2 - a. Calculate q(h).
15
Let f(k) = -25 - 7 + 8 - k**2 + 2 - 14*k. Calculate f(-11).
11
Let p(k) = 49*k**2 + 40*k**2 + 6 + 2*k - 4*k - 93*k**2 + k**3. What is p(5)?
21
Let w(s) = 24*s**2 + 21*s**2 + 7 - 9*s + 20*s**2 - 64*s**2. What is w(9)?
7
Let u(a) = a**3 + 5. Let z(p) = 42*p - 168. Let f be z(4). Determine u(f).
5
Let t(s) = -s**2 + 1 + 1 - 119*s + 0 + 125*s. Give t(5).
7
Let h(q) = -3*q + 1. Suppose -5*j + 3*b = 6, 5*j + 2*b + 0*b = 4. Suppose -5*t = -5 - j, 2*t = 3*o - 10. Let r = 3 - o. What is h(r)?
4
Let c(w) = 7*w. Let z be c(-1). Let x(o) = -7 - 7*o**2 - 142*o**3 + 78*o**3 + 63*o**3 - 5*o + 5*o. Determine x(z).
-7
Suppose 2*k = -4, 2*h - 1 = -3*k + 5. Let p(g) = g - 1. Let r(b) = -b**2 + 15*b - 4. Let n(s) = h*p(s) - r(s). Calculate n(4).
-22
Let w(f) = -f**2 - 6*f - 3. Let r = 715 - 718. Determine w(r).
6
Let q(h) = -h**2 - 10*h - 3. Let g be 6/9*9/(-12)*-18. Suppose 4*j - 5*j - g = 0. Calculate q(j).
6
Let y(s) = s**3 - 17*s**2 + 15*s + 18. Let v be y(16). Suppose 3 = -5*o - v, -27 = 3*x - 3*o. Let u(z) = -z - 3. Give u(x).
7
Let x(i) = 3329*i - 3329*i - i**3 + 6 - i**2. Let g = 0 + 0. What is x(g)?
6
Let o(r) = r**2 - 6*r - 3. Let k be ((-30)/12)/(2/4). Give o(k).
52
Let q(k) = -k**3 - 2*k - 2. Let t(j) = 3*j**3 - 11*j**2 - 6*j - 13. Let m(r) = -2*q(r) - t(r). Give m(12).
-7
Suppose -5*l = 4*a - 41, 6*a + 4*l - 31 = 3*a. Let g(k) = -k**3 + 8*k**2 + 10*k - 4. Give g(a).
5
Let b = 29 - 33. Let m(c) = -6 - 5*c + 9*c + 11. Give m(b).
-11
Let i(m) = -m**3 + 3*m**2 + 10*m + 1. Suppose -5*g = -5*c + 30, c - 6*g - 9 = -2*g. Let h be i(c). Let p(z) = 12*z**2 - z. Give p(h).
11
Let y(v) = 227*v - 506*v - 3*v**2 + 281*v + 1. Let t(p) = p**3 - 2*p**2 + p - 1. Let a be t(1). Give y(a).
-4
Let s(t) = -7*t**2 + 6*t + 8. Let y(q) = -8*q**2 + 6*q + 9. Let m(v) = 7*s(v) - 6*y(v). What is m(6)?
2
Let c(m) = m**3 - 5*m**2 - 3*m - 8. Let r(j) = j**3 - 6*j**2 - 4*j - 11. Let b(h) = 3*c(h) - 2*r(h). What is b(4)?
10
Let m(j) = j**3 + 5*j**2 - 2*j + 1. Let v(b) = 2*b**3 + 8*b**2 - 3*b + 3. Let l(x) = -11*m(x) + 6*v(x). Give l(7).
35
Suppose 0*s = -s - 2. Let n(v) be the first derivative of v**3/3 + v**2/2 + 335. What is n(s)?
2
Let r(w) = 24*w**3 - w - 2. Let p(l) = 86*l + 773. Let g be p(-9). Determine r(g).
-25
Let o(u) = -u**2 + 7. Let r be 4*(-1)/(-2) + 5. Let k = r - 3. Suppose 2*p - 4*h + 7 = -13, -k*p - 4*h = -20. What is o(p)?
7
Let b(x) = 3*x + 23. Let w(i) = -5*i - 45. Let r(u) = 7*b(u) + 4*w(u). Determine r(16).
-3
Let w(o) = -7*o**3 - o**2 - o + 2. Let h(d) = -2 - 3*d**3 - d**2 + 2 + 1. Let j(y) = 5*h(y) - 2*w(y). Calculate j(-4).
9
Let l(q) = -q**2 + 2*q + 2. Let c = -20 - -24. Suppose 2*m + 3*g = -g + 20, 22 = c*m + 2*g. Let v be l(m). Let b(s) = -s - 13. Calculate b(v).
-7
Suppose -8*f + 18*f = -10. Let h(a) = -22*a**3 + a**2 + a. Determine h(f).
22
Let g(p) = -3*p. Supp